{"id":11,"date":"2013-08-12T15:58:30","date_gmt":"2013-08-12T15:58:30","guid":{"rendered":"http:\/\/yogakitchen.be\/fr\/?page_id=11"},"modified":"2022-07-14T00:47:49","modified_gmt":"2022-07-13T22:47:49","slug":"a-propos","status":"publish","type":"page","link":"https:\/\/yogakitchen.be\/fr\/a-propos\/","title":{"rendered":"A propos"},"content":{"rendered":"<h3>Le projet Yoga Kitchen<\/h3>\n<p>Cr\u00e9\u00e9 en 2013 \u00e0 Bruxelles, d&rsquo;abord \u00e0 partir de la volont\u00e9 de faire un travail au niveau de l&rsquo;am\u00e9lioration du bien-\u00eatre en passant par une offre de cours de yoga et de conseil alimentaire.<br \/>\nLe projet \u00e9volue de plus en plus vers une offre de plusieurs outils qui soutiennent un \u00e9panouissement et un d\u00e9veloppement personnel pouss\u00e9.<br \/>\nPour l&rsquo;instant le si\u00e8ge de Yoga Kitchen est situ\u00e9 \u00e0 la rue De Locht au num\u00e9ro 42, \u00e0 1030 Schaerbeek.<\/p>\n<p style=\"text-align: right;\"><a title=\"Vision, mission et valeurs\" href=\"http:\/\/yogakitchen.be\/fr\/vision-mission-valeurs\/\">En savoir plus sur la vision, la mission et les valeurs<\/a><\/p>\n<h3>Les enseignants<\/h3>\n<p><a href=\"http:\/\/yogakitchen.be\/fr\/wp-content\/uploads\/sites\/3\/2013\/08\/IMGP3274BSelfSq_ss72.jpg\"><img loading=\"lazy\" decoding=\"async\" class=\" size-medium wp-image-14167 alignleft\" src=\"http:\/\/yogakitchen.be\/fr\/wp-content\/uploads\/sites\/3\/2013\/08\/IMGP3274BSelfSq_ss72-300x300.jpg\" alt=\"Photo de Peter Verhaegen, fondateur et professeur de yoga chez Yoga Kitchen\" width=\"300\" height=\"300\" srcset=\"https:\/\/yogakitchen.be\/fr\/wp-content\/uploads\/sites\/3\/2013\/08\/IMGP3274BSelfSq_ss72-300x300.jpg 300w, https:\/\/yogakitchen.be\/fr\/wp-content\/uploads\/sites\/3\/2013\/08\/IMGP3274BSelfSq_ss72-150x150.jpg 150w, https:\/\/yogakitchen.be\/fr\/wp-content\/uploads\/sites\/3\/2013\/08\/IMGP3274BSelfSq_ss72.jpg 450w\" sizes=\"auto, (max-width: 300px) 100vw, 300px\" \/><\/a><strong>Peter Verhaegen<\/strong> (\u00b01961) vit pour l&rsquo;instant \u00e0 Bruxelles, en Belgique. Il est v\u00e9g\u00e9talien, il aime la nature, les animaux, les plantes, son v\u00e9lo, l&rsquo;air libre et le yoga qu&rsquo;il a connu pour la premi\u00e8re fois il y a environ 15 ans d&rsquo;ici. Depuis il combine des diff\u00e9rents styles de yoga pour en cr\u00e9er un m\u00e9lange contemporain adapt\u00e9 \u00e0 la culture occidentale. Dans le yoga il appr\u00e9cie l&rsquo;absence de la comp\u00e9tition, le caract\u00e8re inclusif et les effets b\u00e9n\u00e9fiques pour le corps et l&rsquo;esprit.<br \/>\nApr\u00e8s une carri\u00e8re de presque 25 ans dans le secteur graphique, les services \u00e0 la client\u00e8le, et le secteur alimentaire pendant laquelle il a principalement donn\u00e9 des formations et des coaching individuels, il organise sous le nom de Yoga Kitchen de mani\u00e8re ind\u00e9pendante des cours de yoga, des ateliers de cuisine v\u00e9g\u00e9talienne et de l&rsquo;accompagnement individuel au niveau de l&rsquo;alimentation pour inspirer et aider les gens \u00e0 faire le pas vers une vie plus saine et un r\u00e9gime alimentaire sans produits animaliers.<br \/>\nQuelque part il a encore l&rsquo;ambition de d\u00e9velopper un centre o\u00f9 les gens peuvent se rendre afin d&rsquo;y trouver toutes sortes d&rsquo;outils et de personnes qui peuvent les inspirer \u00e0 trouver leur propre chemin vers la sant\u00e9, une plus grande conscience, un \u00e9panouissent optimal et une liaison gu\u00e9rie avec le monde \u00e0 l&rsquo;ext\u00e9rieur.<\/p>\n<blockquote><p>\u00ab\u00a0La vie d&rsquo;un \u00eatre humain est un tissu fait de multiples histoires, avec plusieurs niveaux et couches. Je partage ici uniquement ce qui est pertinent pour mes activit\u00e9s actuelles dans le cadre de Yoga Kitchen.\u00a0\u00bb<\/p><\/blockquote>\n<p style=\"text-align: right;\"><a title=\"Biographie Peter Verhaegen\" href=\"http:\/\/yogakitchen.be\/fr\/bio-peter-verhaegen\/\">En savoir plus sur Peter<\/a><\/p>\n<h3>Le studio<\/h3>\n","protected":false},"excerpt":{"rendered":"<p>Le projet Yoga Kitchen Cr\u00e9\u00e9 en 2013 \u00e0 Bruxelles, d&rsquo;abord \u00e0 partir de la volont\u00e9 de faire un travail au niveau de l&rsquo;am\u00e9lioration du bien-\u00eatre en passant par une offre de cours de yoga et de conseil alimentaire. Le projet \u00e9volue de plus en plus vers une offre de plusieurs outils qui soutiennent un \u00e9panouissement &hellip; <a href=\"https:\/\/yogakitchen.be\/fr\/a-propos\/\" class=\"more-link\">Continuer la lecture de <span class=\"screen-reader-text\">A propos<\/span> <span class=\"meta-nav\">&rarr;<\/span><\/a><\/p>\n","protected":false},"author":1,"featured_media":0,"parent":0,"menu_order":50,"comment_status":"closed","ping_status":"closed","template":"","meta":{"footnotes":""},"class_list":["post-11","page","type-page","status-publish","hentry"],"_links":{"self":[{"href":"https:\/\/yogakitchen.be\/fr\/wp-json\/wp\/v2\/pages\/11","targetHints":{"allow":["GET"]}}],"collection":[{"href":"https:\/\/yogakitchen.be\/fr\/wp-json\/wp\/v2\/pages"}],"about":[{"href":"https:\/\/yogakitchen.be\/fr\/wp-json\/wp\/v2\/types\/page"}],"author":[{"embeddable":true,"href":"https:\/\/yogakitchen.be\/fr\/wp-json\/wp\/v2\/users\/1"}],"replies":[{"embeddable":true,"href":"https:\/\/yogakitchen.be\/fr\/wp-json\/wp\/v2\/comments?post=11"}],"version-history":[{"count":9,"href":"https:\/\/yogakitchen.be\/fr\/wp-json\/wp\/v2\/pages\/11\/revisions"}],"predecessor-version":[{"id":17718,"href":"https:\/\/yogakitchen.be\/fr\/wp-json\/wp\/v2\/pages\/11\/revisions\/17718"}],"wp:attachment":[{"href":"https:\/\/yogakitchen.be\/fr\/wp-json\/wp\/v2\/media?parent=11"}],"curies":[{"name":"wp","href":"https:\/\/api.w.org\/{rel}","templated":true}]}}

<h3>Le projet Yoga Kitchen</h3>
<p>Créé en 2013 à Bruxelles, d&rsquo;abord à partir de la volonté de faire un travail au niveau de l&rsquo;amélioration du bien-être en passant par une offre de cours de yoga et de conseil alimentaire.<br />
Le projet évolue de plus en plus vers une offre de plusieurs outils qui soutiennent un épanouissement et un développement personnel poussé.<br />
Pour l&rsquo;instant le siège de Yoga Kitchen est situé à la rue De Locht au numéro 42, à 1030 Schaerbeek.</p>
<p style="text-align: right;"><a title="Vision, mission et valeurs" href="http://yogakitchen.be/fr/vision-mission-valeurs/">En savoir plus sur la vision, la mission et les valeurs</a></p>
<h3>Les enseignants</h3>
<p><a href="http://yogakitchen.be/fr/wp-content/uploads/sites/3/2013/08/IMGP3274BSelfSq_ss72.jpg"><img loading="lazy" decoding="async" class=" size-medium wp-image-14167 alignleft" src="http://yogakitchen.be/fr/wp-content/uploads/sites/3/2013/08/IMGP3274BSelfSq_ss72-300x300.jpg" alt="Photo de Peter Verhaegen, fondateur et professeur de yoga chez Yoga Kitchen" width="300" height="300" srcset="https://yogakitchen.be/fr/wp-content/uploads/sites/3/2013/08/IMGP3274BSelfSq_ss72-300x300.jpg 300w, https://yogakitchen.be/fr/wp-content/uploads/sites/3/2013/08/IMGP3274BSelfSq_ss72-150x150.jpg 150w, https://yogakitchen.be/fr/wp-content/uploads/sites/3/2013/08/IMGP3274BSelfSq_ss72.jpg 450w" sizes="auto, (max-width: 300px) 100vw, 300px" /></a><strong>Peter Verhaegen</strong> (°1961) vit pour l&rsquo;instant à Bruxelles, en Belgique. Il est végétalien, il aime la nature, les animaux, les plantes, son vélo, l&rsquo;air libre et le yoga qu&rsquo;il a connu pour la première fois il y a environ 15 ans d&rsquo;ici. Depuis il combine des différents styles de yoga pour en créer un mélange contemporain adapté à la culture occidentale. Dans le yoga il apprécie l&rsquo;absence de la compétition, le caractère inclusif et les effets bénéfiques pour le corps et l&rsquo;esprit.<br />
Après une carrière de presque 25 ans dans le secteur graphique, les services à la clientèle, et le secteur alimentaire pendant laquelle il a principalement donné des formations et des coaching individuels, il organise sous le nom de Yoga Kitchen de manière indépendante des cours de yoga, des ateliers de cuisine végétalienne et de l&rsquo;accompagnement individuel au niveau de l&rsquo;alimentation pour inspirer et aider les gens à faire le pas vers une vie plus saine et un régime alimentaire sans produits animaliers.<br />
Quelque part il a encore l&rsquo;ambition de développer un centre où les gens peuvent se rendre afin d&rsquo;y trouver toutes sortes d&rsquo;outils et de personnes qui peuvent les inspirer à trouver leur propre chemin vers la santé, une plus grande conscience, un épanouissent optimal et une liaison guérie avec le monde à l&rsquo;extérieur.</p>
<blockquote><p>« La vie d&rsquo;un être humain est un tissu fait de multiples histoires, avec plusieurs niveaux et couches. Je partage ici uniquement ce qui est pertinent pour mes activités actuelles dans le cadre de Yoga Kitchen. »</p></blockquote>
<p style="text-align: right;"><a title="Biographie Peter Verhaegen" href="http://yogakitchen.be/fr/bio-peter-verhaegen/">En savoir plus sur Peter</a></p>
<h3>Le studio</h3>

<p>Le projet Yoga Kitchen Créé en 2013 à Bruxelles, d&rsquo;abord à partir de la volonté de faire un travail au niveau de l&rsquo;amélioration du bien-être en passant par une offre de cours de yoga et de conseil alimentaire. Le projet évolue de plus en plus vers une offre de plusieurs outils qui soutiennent un épanouissement &hellip; <a href="https://yogakitchen.be/fr/a-propos/" class="more-link">Continuer la lecture de <span class="screen-reader-text">A propos</span> <span class="meta-nav">&rarr;</span></a></p>
